x) = l*m(x) + n*u(x). Calculate h(1).
-5
Let r(z) be the third derivative of z**5/15 + 59*z**4/24 + 23*z**3/3 - 2*z**2 + 323. Calculate r(-14).
4
Let n(a) = -2*a**2 - 12*a + 6. Let o(z) = -56*z**2 - 950*z + 29. Let h be o(-17). Determine n(h).
16
Let i = 929 + -899. Let k = -71 - -101. Let c = k - i. Let j(r) = -r**3 - r - 5. Determine j(c).
-5
Let i(u) be the third derivative of -u**5/60 + u**4/24 - 4*u**3 + u**2. Let t be 16/(-48)*0/(-7)*(-1 + 2). Give i(t).
-24
Suppose -9*y - 654 - 1101 = 0. Let f = y - -211. Let d(q) = q - 8. Give d(f).
8
Let y(b) be the first derivative of -b**4/4 + b**3 + 2*b + 29. Let j be y(2). Let s(l) = -3*l**3 + 7*l**2 + 3*l**3 - j + l**3. What is s(-7)?
-6
Let y = 12630 + -12621. Let b(g) = 7*g - 14. What is b(y)?
49
Let i(w) = -61*w**3 - 3*w**2 + 18*w + 2. Let z(t) = -73*t**3 - 2*t**2 + 19*t + 2. Let s(p) = -6*i(p) + 5*z(p). What is s(-9)?
34
Let p(a) = a - 3. Let d(m) = -204*m**2 - 6*m + 3. Let r be d(-1). Let u = r + 196. Give p(u).
-2
Let a(g) = -3*g - 5. Let q(m) = -2*m**2 + 24*m - 19. Let i be q(11). Let u(c) = -c - 2. Let w(k) = i*a(k) - 7*u(k). What is w(0)?
-1
Suppose 0 = -2*l + 2, -5*y + 0*y + 5 = 5*l. Suppose 4*o - 27 + 71 = y. Let q = o + 10. Let n(t) = 4*t**3 - 2*t - 1. Give n(q).
-3
Suppose -8*q = -2*i + 84, 617*q - 612*q = 3*i - 84. Let v(x) = x**3 - 17*x**2 - 15*x + 10. Determine v(i).
64
Let o(l) = l**3 + 20*l**2 + 66*l + 5. Let v be o(-4). Let s(h) be the first derivative of -13 - h + h**2 + 1/4*h**4 + 4/3*h**3. Give s(v).
2
Let m = 3 + -3. Suppose 5 = 12*n - 19. Let h(a) = -5*a + 4*a + a**n + 21 - 25. What is h(m)?
-4
Suppose -3*o + 7 = i, 7*i - 2*i + 65 = 5*o. Let x(c) be the first derivative of c**4/4 + 3*c**3 + 4*c**2 - 7*c - 297. What is x(i)?
-7
Let b(c) = -c**2 - 3*c + 17. Suppose 508*h - 489*h = -133. What is b(h)?
-11
Let c(x) = -13030*x - 13015*x - x**2 - 13014*x + 39046*x + 23 + 2*x**2. Calculate c(0).
23
Let l be -2 + -6 - (-49 - -29). Let v(c) = -12*c**2 - 6 - c**3 - 38*c + 2*c**3 + 38*c. What is v(l)?
-6
Let v = 4 - 7. Let p = -741 - -735. Let m be ((-3)/p)/(v/48). Let f(q) = -q**2 - 9*q - 3. What is f(m)?
5
Let i(a) = 0 - 1138*a**2 + 33*a + 1137*a**2 - 39. What is i(23)?
191
Let u(g) be the third derivative of g**4/24 - 1624*g**2 + 2*g. Calculate u(-10).
-10
Let k(t) = -234 - 38*t + 15*t + 28*t - 558 + 12*t. Calculate k(47).
7
Let v(c) be the second derivative of c**3/3 + 23*c**2/2 + 130*c + 2. What is v(11)?
45
Let n(t) = -14*t - 91. Suppose 5*x = -30, 8 = 2*b - 47*x + 43*x. Give n(b).
21
Let f(r) = r**3 - 10*r**2 + 5*r + 1. Let k(j) = 4*j**3 - 41*j**2 + 24*j + 4. Let a(b) = -26*f(b) + 6*k(b). What is a(8)?
-18
Suppose 36*v + 32 = -4. Let c(g) = 28*g + 21. Let x be c(v). Let t(m) = m**3 + 8*m**2 + 5*m - 3. Calculate t(x).
11
Let y(k) = -2*k**2 + 7*k - 2. Let f(i) = 5*i**2 - 4*i - 25. Let j be f(-4). Suppose -j = 6*s - 89. Give y(s).
1
Let f be (-18)/(-7) - 12/21. Let s(x) = 4*x - 3*x + f*x + 0*x - 1. What is s(3)?
8
Let j(m) = -9*m**2 + 50 - 7 - m**3 - 20*m**2 + 27*m**2 + 4. Determine j(0).
47
Let u(j) = -8835 + j**3 + 4457 + 29*j**2 + 4430 + j. What is u(-29)?
23
Let z(y) = -1985 + 4*y**2 - 78*y + 1994 + 3*y + 14*y. What is z(15)?
-6
Let q be (10/8 - 10706/7272) + (-32)/18. Let g(l) = -7*l**2. Give g(q).
-28
Let n(t) = 40*t + 2842. Let p be n(-71). Let j(b) be the third derivative of 1/2*b**3 - 1/30*b**5 + 0 + 25*b**p + 1/12*b**4 + 0*b. Give j(3).
-9
Suppose -7*q = -2*q + 35. Let l = 1 + q. Let o(j) = 35*j**2 - 6 - 38*j**2 - 4*j + 2*j**2. Calculate o(l).
-18
Let m(o) = o**3 + 6*o**2 - 7*o + 3. Let g be ((-2)/(-3))/(14/147). Let j(l) = -2*l**2 + 9*l + 28. Let c be j(g). What is m(c)?
3
Let s(z) = 7*z**3 + 2*z**2 - 2*z + 1. Let a be s(1). Let p be (6 - (-168)/(-30)) + (-24)/(-15). Let t(v) = 4 + v**2 + 346*v + 0 + p - 355*v. Give t(a).
-2
Let b(v) be the first derivative of 8*v**2 + 2*v + 271. Let k = -16 - -18. What is b(k)?
34
Let u(w) = 12*w - 23. Let m(x) = 22*x - 48. Let d(l) = 3*m(l) - 5*u(l). Give d(5).
1
Let z(a) = 31*a**3 - 4*a**2 - 5*a**2 - 16101 + 16106 - 9*a - 3*a - 32*a**3. Calculate z(-8).
37
Let a(t) = -7*t**3 + t**2 - t. Let x be a(1). Suppose -11*u + 8*u = -24. Let i(d) = d**2 - 2*d + 12 - 16 + u*d. What is i(x)?
3
Let t(f) = -1043001*f**3 - 14*f**2 - 5*f + 3*f + 1 + 1042999*f**3. What is t(-7)?
15
Let a(f) = -4*f**2 - 25*f - 19. Let l(s) = 3*s**2 + 25*s + 21. Let p(o) = 4*a(o) + 5*l(o). Determine p(27).
-25
Let r(y) = 27*y**3 - 142*y**2 + 112*y - 307. Let c(j) = -10*j**3 + 53*j**2 - 42*j + 114. Let g(u) = -19*c(u) - 7*r(u). Let v = -17 - -29. Give g(v).
7
Let t(v) = -21*v**3 + 3 - 4 - 3*v**3. Suppose -77*s + 26 + 44 = -32*s + 25*s. What is t(s)?
-25
Let h = 7104 + -7104. Let g(t) = 4*t + 30. Determine g(h).
30
Let v(p) = 3*p + 1. Let h(z) = -7*z - 2. Let f(o) = 2*h(o) + 5*v(o). Let t be (-6)/(-3) + (-90)/9. Let c = t - -7. Determine f(c).
0
Suppose 0 = -4*m + 2*j, 5*j = m + 2*j + 10. Let q(i) = -5*i**2 + i**m + 2*i**3 + 0*i**2 + 3 - 2*i - i**3. What is q(5)?
18
Let t be (-7)/(-21) + (-3)/((-9)/41). Let g(q) = -t + 0*q - 6 + q - 2. Calculate g(16).
-6
Suppose -q + 3*r = 4, 0*q + 5*q + 3*r = -2. Let g be q - ((-6)/(-9)*-3 - 10). Let j(k) = -g + 4*k**2 + k + 8*k - 5*k**2. What is j(8)?
-3
Let r(s) = -s**3 - 8*s**2 - 6*s + 4. Let u be -20 - 13*(-11 + 10). Give r(u).
-3
Let u(s) = s - 2. Let i(b) = b**2 - 6*b + 19. Let g be i(9). Suppose 5*z - g = 4. Suppose z = -2*w - 2. What is u(w)?
-8
Let k(i) = -5*i**2 + 26*i - 37. Let j(b) = -16*b**2 + 81*b - 114. Let a(x) = -6*j(x) + 19*k(x). Determine a(-10).
1
Let m(h) = -42*h + 21. Suppose 5*u + 104 = j + 75, -2*u - 14 = -j. What is m(j)?
-147
Suppose -20*l + 52*l = 352. Suppose l*h - 104 = -192. Let j(p) = -p**3 - 7*p**2 + 7*p - 11. Give j(h).
-3
Let z(c) = -24*c**2 + 5*c - 5. Let s = -4379 - -4380. What is z(s)?
-24
Let s(k) = 13*k - 1. Let b(r) = -34*r + 9. Let h(t) = b(t) + 3*s(t). Suppose -3*q + 9 = 3. Let l(y) = -y - 2. Let x(f) = q*l(f) + h(f). Give x(-2).
-4
Let r(y) = 16*y + 102. Let t = 19631 - 19642. Give r(t).
-74
Let z(o) = -5*o**2 - 20*o + 1. Let m(n) = 12*n**2 + 65*n - 4. Let x(r) = -3*m(r) - 10*z(r). Calculate x(-1).
11
Let y(q) = 15*q**2 + 31 - 8*q**2 - 3*q - 26 + q + 2*q**3. Let b(k) = k**3 - k**2 - 2*k. Let c(z) = -b(z) + y(z). Calculate c(-8).
5
Let b(z) = z**3 - z**2 - 2*z - 4. Let f(w) = 2*w**2 - 107*w + 158. Let q be f(52). Give b(q).
-4
Suppose 0*h - 2*d = h, d = 4*h + 18. Let f(w) = 3*w - 6. Let m(q) = 29*q - 64. Let s(c) = -10*f(c) + m(c). Determine s(h).
0
Let c(f) = 12*f + 12*f - 3 + 7*f + 20*f - 49*f - 7. Let x be 1 + 6 + (1 - 0). Determine c(x).
6
Let g(h) = 3*h - 42. Let z be g(15). Suppose -2*p = -5*t + 280, -z*p = 4*t + p - 224. Let x = t - 57. Let l(v) = 14*v**2 - v - 1. What is l(x)?
14
Suppose 136*i - 491 = 1141. Let k(o) = o**3 - 10*o**2 - 21*o - 25. Determine k(i).
11
Let k(p) = -p**2 + 10*p + 32. Let g be k(11). Suppose -15*r = -8*r + g. Let m(v) = -3*v - 2. Calculate m(r).
7
Let n(v) = -v**3 + 5*v**2 + 5*v + 6. Let b(l) = 9*l**2 + 14*l - 4. Let j be b(-4). Let g be 23/7 + (-4)/j*6. Suppose -g*u - 18 = -6*u. What is n(u)?
0
Let s(h) = 2*h**3 - 20*h**2 - 4. Let g(z) = -2*z**3 - 52*z**2 + 56*z + 64. Let j be g(-27). Give s(j).
-4
Let a(x) be the third derivative of x**6/120 + 2*x**3/3 - 23*x**2 + 28*x. Determine a(4).
68
Suppose 14*u - 47*u - 25*u - 348 = 0. Let j(g) = -6*g - 2. Calculate j(u).
34
Let z(q) = 2*q**2 + 13*q + 14. Suppose -6*m - 228 = 32*m. Determine z(m).
8
Suppose -3*x = -10 + 19, -r - 2*x = -194. Suppose 7*a = -151 + r. Let d(p) = p**3 - 5*p**2 - 7*p - 4. What is d(a)?
45
Let q = 249 - 247. Suppose -f + 3*m = -1, 5*m - 1 = q*f - 3. Let b(x) = 3*x - 1. Calculate b(f).
2
Let n(h) = -5*h - 166. Let b = 8452 - 8484. Give n(b).
-6
Suppose 0 = -7*q + 7. Let w be (-2)/2 + q + -3 + 8. Let t(r) = -r**2 + 5*r - 3. What is t(w)?
-3
Let a(t) = 9*t**2 - 14*t + 4. Let f(r) = -17*r**2 + 25*r - 7. Let k(j) = 11*a(j) + 6*f(j). Give k(1).
-5
Let h = 131 - 131. Let v(m) = -574*m - 5 - m**2 + h*m**3 - m**3 + 569*m. What is v(-2)?
9
Let r(j) = -j. Suppose -4*t + 12 = 0, 2 + 58 = 3*i + 3*t. Let h(m) = -m**2 + 21*m - 68. Let y be h(i). What is r(y)?
0
Let y(w) be the first derivative of 10*w**3/3 - w**2 - w - 10319. Determine y(2).
35
Let g(c) = -9*c - 17. Let a(l) = -10*l - 18. Let i(h) = 4